{"id":6268,"date":"2023-04-06T01:12:17","date_gmt":"2023-04-06T01:12:17","guid":{"rendered":"https:\/\/jugendweihe-bilder.de\/?page_id=6268"},"modified":"2026-03-10T18:56:53","modified_gmt":"2026-03-10T18:56:53","slug":"registrierung-jugendweihe-2023","status":"publish","type":"page","link":"https:\/\/jugendweihe-bilder.de\/?page_id=6268","title":{"rendered":"Registrierung Jugendweihe 2026"},"content":{"rendered":"\n<h2 class=\"wp-block-heading\"><strong>Registrierung Jugendweihe 2026<\/strong><\/h2>\n\n\n\n<p>Wir freuen uns, dass wir die<strong> Jugendweihe Ihres Kindes<\/strong> begleiten d\u00fcrfen. Es wird ein sehr spannender Tag, auf den wir uns schon alle sehr freuen. <\/p>\n\n\n\n<p>In diesem Jahr sind Feiern wieder uneingeschr\u00e4nkt m\u00f6glich und das wollen wir in wundervollen Bildern und einem kurzweiligem Highlight Video festhalten. <\/p>\n\n\n\n<p>Wenn Sie sich registriert haben, werden sie per Mail benachrichtigt, sobald die Bilder fertig bearbeitet sind. <br>Sie haben dann die M\u00f6glichkeit Ihre <strong>sch\u00f6nsten Bilder auszusuchen<\/strong>. Diese stehen Ihnen dann als Print in verschiedenen Gr\u00f6\u00dfen zur Verf\u00fcgung oder auch als Download f\u00fcr den privaten Gebrauch. <\/p>\n\n\n\n<p>Das <strong>Highlight Video<\/strong> steht Ihnen nach Bestellung als <strong>MP4 Datei<\/strong> zum Download zur Verf\u00fcgung, damit Sie es auf allen Abspielger\u00e4ten ansehen k\u00f6nnen. Da wir das Video in HD produzieren, k\u00f6nnen wir leider keine DVD mehr anbieten, da die Hochaufl\u00f6senden Video Formate von DVDs nicht mehr unterst\u00fctzt werden.<\/p>\n\n\n\n<p>An der Jugendweihe werden wir mit unseren Fotografen vor Beginn der Veranstaltung bereits Gruppenbilder von den Jugendlichen anfertigen, wie zum Beispiel der Klassenverband mit den h\u00e4ufig anwesenden Klassenlehrern und Klassenlehrerinnen. <br>Nach der Veranstaltung haben wir im Innen- oder Au\u00dfenbereich einen Stand f\u00fcr die Familienbilder. Achten Sie daf\u00fcr auf die Fahne der Hauptstadtfotografen.<\/p>\n\n\n\n<p>Ihr Jugendweihe Team der Hauptstadtfotografen<\/p>\n\n\n\n<div id=\"af2_form_0\" class=\"af2_form_wrapper af2_form-type-0\"\n\t\t\t\t\t\t\t\tdata-preload=\"2\" data-rtl=\"\" data-size=\"4\" data-num=\"0\"\n                                data-did=\"6263\" data-errormail=\"\" data-activatescrolltoanchor=\"\" data-activatescrolltoanchordesktop=\"\" data-showsuccessscreen=\"1\"\n                                data-popup_by_delay=\"\" data-popup_delay=\"0\" data-popup_by_click=\"\"\n                                data-popup_click_class=\"\"><div class=\"af2_form\" style=\"display: block;\"><div class=\"af2_success_message_screen desktop\" style=\"display: none;\"><div class=\"af2_success_image\"><img decoding=\"async\" src=\"https:\/\/jugendweihe-bilder.de\/wp-content\/plugins\/Funnelforms-pro\/res\/images\/success_standard.png\" \/><\/div><div class=\"af2_success_text\">Danke! Das Formular wurde erfolgreich gesendet!<\/div><\/div><div class=\"af2_success_message_screen af2_mobile\" style=\"display: none;\"><div class=\"af2_success_image\"><img decoding=\"async\" src=\"https:\/\/jugendweihe-bilder.de\/wp-content\/plugins\/Funnelforms-pro\/res\/images\/success_standard.png\" \/><\/div><div class=\"af2_success_text\">Danke! Das Formular wurde erfolgreich gesendet!<\/div><\/div><div class=\"af2_form_heading_wrapper\"><div class=\"af2_form_heading desktop\"><\/div><div class=\"af2_form_heading af2_mobile\"><\/div><\/div><div class=\"af2_form_carousel\"><\/div><div class=\"af2_form_bottombar\"><button class=\"af2_form_back_button af2_form_button af2_disabled af2_mobile \"><svg aria-hidden=\"true\" focusable=\"false\" data-prefix=\"fas\" data-icon=\"long-arrow-alt-left\" class=\"svg-inline--fa fa-long-arrow-alt-left fa-w-14\" role=\"img\" xmlns=\"http:\/\/www.w3.org\/2000\/svg\" viewBox=\"0 0 448 512\"><path fill=\"currentColor\" d=\"M134.059 296H436c6.627 0 12-5.373 12-12v-56c0-6.627-5.373-12-12-12H134.059v-46.059c0-21.382-25.851-32.09-40.971-16.971L7.029 239.029c-9.373 9.373-9.373 24.569 0 33.941l86.059 86.059c15.119 15.119 40.971 4.411 40.971-16.971V296z\"><\/path><\/svg><\/button><button class=\"af2_form_back_button af2_form_button af2_disabled desktop \"><svg aria-hidden=\"true\" focusable=\"false\" data-prefix=\"fas\" data-icon=\"long-arrow-alt-left\" class=\"svg-inline--fa fa-long-arrow-alt-left fa-w-14\" role=\"img\" xmlns=\"http:\/\/www.w3.org\/2000\/svg\" viewBox=\"0 0 448 512\"><path fill=\"currentColor\" d=\"M134.059 296H436c6.627 0 12-5.373 12-12v-56c0-6.627-5.373-12-12-12H134.059v-46.059c0-21.382-25.851-32.09-40.971-16.971L7.029 239.029c-9.373 9.373-9.373 24.569 0 33.941l86.059 86.059c15.119 15.119 40.971 4.411 40.971-16.971V296z\"><\/path><\/svg><\/button><div class=\"af2_form_progress_bar\"><div class=\"af2_form_progress\"><\/div><\/div><button class=\"af2_form_foward_button af2_form_button af2_disabled af2_mobile \"><svg aria-hidden=\"true\" focusable=\"false\" data-prefix=\"fas\" data-icon=\"long-arrow-alt-right\" class=\"svg-inline--fa fa-long-arrow-alt-right fa-w-14\" role=\"img\" xmlns=\"http:\/\/www.w3.org\/2000\/svg\" viewBox=\"0 0 448 512\"><path fill=\"currentColor\" d=\"M313.941 216H12c-6.627 0-12 5.373-12 12v56c0 6.627 5.373 12 12 12h301.941v46.059c0 21.382 25.851 32.09 40.971 16.971l86.059-86.059c9.373-9.373 9.373-24.569 0-33.941l-86.059-86.059c-15.119-15.119-40.971-4.411-40.971 16.971V216z\"><\/path><\/svg><\/button><button class=\"af2_form_foward_button af2_form_button af2_disabled desktop \"><svg aria-hidden=\"true\" focusable=\"false\" data-prefix=\"fas\" data-icon=\"long-arrow-alt-right\" class=\"svg-inline--fa fa-long-arrow-alt-right fa-w-14\" role=\"img\" xmlns=\"http:\/\/www.w3.org\/2000\/svg\" viewBox=\"0 0 448 512\"><path fill=\"currentColor\" d=\"M313.941 216H12c-6.627 0-12 5.373-12 12v56c0 6.627 5.373 12 12 12h301.941v46.059c0 21.382 25.851 32.09 40.971 16.971l86.059-86.059c9.373-9.373 9.373-24.569 0-33.941l-86.059-86.059c-15.119-15.119-40.971-4.411-40.971 16.971V216z\"><\/path><\/svg><\/button><\/div><\/div><\/div>\n\n\n\n<h2 class=\"wp-block-heading\"> <strong>Noch ein Wort zu den Preisen<\/strong><\/h2>\n\n\n\n<p>Mit der Registrierung gehen Sie noch keinerlei Verpflichtungen ein. <\/p>\n\n\n\n<p>Sie dient f\u00fcr uns zur besseren und schnelleren Bearbeitung. Wenn die Bilder und das Video Online sind, werden Sie per Mail informiert. Dann k\u00f6nnen Sie in aller Ruhe Ihre Lieblingsbilder ausw\u00e4hlen und in den Warenkorb legen.  Erst mit Abschluss des Bestellprozesses und der Zahlung wird es verpflichtend. <\/p>\n\n\n\n<ul class=\"wp-block-list\">\n<li>Das Highlight <strong>Video <\/strong>kostet <strong>44,99 Euro<\/strong><\/li>\n\n\n\n<li><strong>Prints <\/strong>starten bei einem Preis von <strong>3,50 Euro<\/strong> (je nach Anzahl und Gr\u00f6\u00dfe)<\/li>\n\n\n\n<li>Der Download der <strong>digitalen Datei<\/strong> mit den Nutzungsrechten f\u00fcr den privaten Gebrauch kostet <strong>9.99 Euro <\/strong>pro Bild<\/li>\n\n\n\n<li>Die <strong>Bilder Flatrate<\/strong> Digital mit allen Bildern der Veranstaltung mit den Nutzungsrechten f\u00fcr Ihre Familie im privaten Gebrauch kostet <strong>64,99 Euro<\/strong><\/li>\n\n\n\n<li>Das <strong>Sparpaket <\/strong>besteht aus Highlight Video und Bilder Flatrate kostet <strong>99,99 Euro<\/strong><\/li>\n<\/ul>\n","protected":false},"excerpt":{"rendered":"<p>Registrierung Jugendweihe 2026 Wir freuen uns, dass wir die Jugendweihe Ihres Kindes begleiten d\u00fcrfen. Es wird ein sehr spannender Tag, auf den wir uns schon alle sehr freuen. In diesem Jahr sind Feiern wieder uneingeschr\u00e4nkt m\u00f6glich und das wollen wir in wundervollen Bildern und einem kurzweiligem Highlight Video festhalten. Wenn Sie sich registriert haben, werden &hellip; <\/p>\n<p class=\"link-more\"><a href=\"https:\/\/jugendweihe-bilder.de\/?page_id=6268\" class=\"more-link\"><span class=\"screen-reader-text\">\u201eRegistrierung Jugendweihe 2026\u201c <\/span>weiterlesen<\/a><\/p>\n","protected":false},"author":1,"featured_media":0,"parent":0,"menu_order":0,"comment_status":"closed","ping_status":"closed","template":"","meta":{"ngg_post_thumbnail":0,"footnotes":""},"class_list":["post-6268","page","type-page","status-publish","hentry"],"_links":{"self":[{"href":"https:\/\/jugendweihe-bilder.de\/index.php?rest_route=\/wp\/v2\/pages\/6268","targetHints":{"allow":["GET"]}}],"collection":[{"href":"https:\/\/jugendweihe-bilder.de\/index.php?rest_route=\/wp\/v2\/pages"}],"about":[{"href":"https:\/\/jugendweihe-bilder.de\/index.php?rest_route=\/wp\/v2\/types\/page"}],"author":[{"embeddable":true,"href":"https:\/\/jugendweihe-bilder.de\/index.php?rest_route=\/wp\/v2\/users\/1"}],"replies":[{"embeddable":true,"href":"https:\/\/jugendweihe-bilder.de\/index.php?rest_route=%2Fwp%2Fv2%2Fcomments&post=6268"}],"version-history":[{"count":6,"href":"https:\/\/jugendweihe-bilder.de\/index.php?rest_route=\/wp\/v2\/pages\/6268\/revisions"}],"predecessor-version":[{"id":14074,"href":"https:\/\/jugendweihe-bilder.de\/index.php?rest_route=\/wp\/v2\/pages\/6268\/revisions\/14074"}],"wp:attachment":[{"href":"https:\/\/jugendweihe-bilder.de\/index.php?rest_route=%2Fwp%2Fv2%2Fmedia&parent=6268"}],"curies":[{"name":"wp","href":"https:\/\/api.w.org\/{rel}","templated":true}]}}